5329061701 a composite number?
True
Is 59969363873 composite?
False
Is 56241989819 a prime number?
False
Is 2354894777 prime?
True
Is 14334209455 a prime number?
False
Is 600301981 composite?
False
Is 15626340083 a prime number?
True
Is 172949857411 composite?
True
Is 103231823 a composite number?
True
Is 1257355727 a composite number?
True
Is 9928852717 a prime number?
False
Is 42077573 prime?
True
Is 4958111203 composite?
True
Is 3336698507 a composite number?
True
Is 562367863 a prime number?
True
Is 63368012387 composite?
False
Is 2435694281 a composite number?
False
Is 110477298401 a prime number?
True
Is 9945146291 prime?
False
Is 2386519195 a prime number?
False
Is 201592674923 prime?
False
Is 508373870845 a prime number?
False
Is 31848181787 prime?
False
Is 708345293 a prime number?
True
Is 295971919 composite?
False
Is 1321443021 composite?
True
Is 2255279009 composite?
True
Is 69291657931 composite?
False
Is 925293233 composite?
False
Is 10910229322 composite?
True
Is 65831360461 a composite number?
True
Is 14676864637 a composite number?
True
Is 981726771 prime?
False
Is 841534373 a composite number?
True
Is 5758786609 a prime number?
True
Is 9005125895 composite?
True
Is 19954557037 a composite number?
True
Is 32431756943 prime?
False
Is 10443438787 prime?
False
Is 2361219787 a composite number?
True
Is 12647629 a prime number?
False
Is 4330380067 prime?
False
Is 43958876303 composite?
False
Is 21729456509 composite?
False
Is 9402404183 a composite number?
True
Is 2046040778 composite?
True
Is 1739397193 a prime number?
True
Is 5867878069 composite?
False
Is 4658333347 a prime number?
False
Is 30639357803 composite?
True
Is 21837026473 a prime number?
False
Is 1521235657 prime?
True
Is 53377455319 a prime number?
True
Is 13604013763 prime?
False
Is 323582219 a prime number?
True
Is 3431888843 a prime number?
True
Is 8975522111 a prime number?
False
Is 97820342153 a composite number?
False
Is 30112937989 a prime number?
False
Is 127175067113 a prime number?
True
Is 829837061 a composite number?
False
Is 353216621 prime?
True
Is 2991114389 prime?
True
Is 4373275629 a composite number?
True
Is 353682487 a prime number?
True
Is 15278749399 a prime number?
True
Is 46052287 a composite number?
False
Is 648110137 prime?
False
Is 262334129 composite?
False
Is 100498829 a prime number?
True
Is 3712793129 a composite number?
False
Is 5651148179 a composite number?
True
Is 330397097 prime?
True
Is 2166143467 prime?
True
Is 4659268501 composite?
True
Is 1137117551 prime?
True
Is 18782953643 a prime number?
True
Is 140081701 prime?
True
Is 18379729397 a composite number?
False
Is 585602429 composite?
False
Is 35477735639 composite?
False
Is 32291250539 composite?
False
Is 854380841 a prime number?
False
Is 261169833343 a prime number?
True
Is 75137221 a prime number?
False
Is 13618029407 composite?
True
Is 533325887 a composite number?
True
Is 2612343001 a composite number?
False
Is 1250947961 composite?
False
Is 3464674519 a composite number?
False
Is 4465995623 a composite number?
True
Is 199975109 a composite number?
False
Is 54909214733 a composite number?
True
Is 457809419 composite?
True
Is 6171873637 a prime number?
True
Is 33968825558 a prime number?
False
Is 1539971431 a composite number?
False
Is 395439697 a prime number?
True
Is 18026631457 prime?
False
Is 540994871 a prime number?
False
Is 10431899831 composite?
False
Is 5251990603 a prime number?
False
Is 3851383759 a composite number?
True
Is 16865592791 composite?
False
Is 707414413 a composite number?
False
Is 510645791 a composite number?
True
Is 1806607613 a composite number?
False
Is 6595746227 a prime number?
False
Is 5631361117 a prime number?
True
Is 409282396517 a prime number?
True
Is 858692119 composite?
False
Is 14273849 a prime number?
True
Is 1717108567 a prime number?
True
Is 12887160635 a composite number?
True
Is 137918071 composite?
True
Is 41917541 a composite number?
True
Is 1664099665 a prime number?
False
Is 4030629593 a composite number?
True
Is 29535419281 composite?
False
Is 44923269247 prime?
True
Is 2454616781 composite?
False
Is 58704148369 a composite number?
True
Is 3371032417 a prime number?
True
Is 924428861 composite?
True
Is 33267440015 a composite number?
True
Is 58880049419 prime?
False
Is 14979632491 a prime number?
True
Is 285062059 a prime number?
True
Is 8297755759 composite?
False
Is 59407911761 composite?
True
Is 51226631997 a composite number?
True
Is 167000080133 composite?
False
Is 470900557 a prime number?
True
Is 82719883 composite?
True
Is 326649607 a composite number?
True
Is 1475854229 prime?
False
Is 977404489 composite?
False
Is 11589476977 composite?
True
Is 39863783669 prime?
True
Is 11470826611 prime?
False
Is 1945143853 a prime number?
False
Is 753141097 prime?
True
Is 1072799291 prime?
False
Is 2708201369 prime?
True
Is 775636003 composite?
False
Is 1034991197 a composite number?
False
Is 5985595579 composite?
False
Is 554841647 a prime number?
True
Is 17947425689 composite?
False
Is 405127948611 a prime number?
False
Is 161192491 a prime number?
True
Is 1970195609 composite?
True
Is 6825182853 prime?
False
Is 9358623917 prime?
True
Is 507731633 prime?
True
Is 38810429887 composite?
False
Is 222207363883 a composite number?
False
Is 97284301489 composite?
True
Is 6627493283 prime?
False
Is 9044465489 a composite number?
False
Is 608232367 a prime number?
False
Is 3926238191 composite?
True
Is 788629319 prime?
False
Is 59832966251 a composite number?
False
Is 3436920167 a prime number?
False
Is 2081227597 a composite number?
False
Is 2119589645 prime?
False
Is 3174051457 a composite number?
True
Is 6732588787 a composite number?
False
Is 665906551 a prime number?
False
Is 101883883 composite?
False
Is 46316951855 a composite number?
True
Is 7008195479 composite?
False
Is 12379421 prime?
False
Is 996117697 prime?
False
Is 172815967 a composite number?
False
Is 1201028302 a composite number?
True
Is 261982093 a prime number?
True
Is 2424912577 composite?
False
Is 1285953653 a prime number?
True
Is 2165299751 composite?
False
Is 1044727507 a prime number?
True
Is 766913591 a prime number?
True
Is 1390490617 composite?
True
Is 7325320271 a prime number?
True
Is 2044761497 a composite number?
False
Is 1571840393 a composite number?
False
Is 420751495 prime?
False
Is 6757659803 a composite number?
False
Is 151207070659 composite?
False
Is 4210045615 composite?
True
Is 135842984179 composite?
True
Is 126292801 composite?
False
Is 3501548839 a prime number?
True
Is 16692017 composite?
True
Is 5902686017 a composite number?
True
Is 3609171901 a prime number?
True
Is 36451238433 composite?
True
Is 472088833 a prime number?
True
Is 20212408459 a composite number?
True
Is 203275367 a composite number?
True
Is 1948965157 composite?
False
Is 1474828561 a composite number?
True
Is 9457522333 composite?
True
Is 1153016563 prime?
True
Is 42825395729 a composite number?
False
Is 47044288461 prime?
False
Is 198548089 composite?
False
Is 34295783453 prime?
False
Is 1045527701 a composite number?
True
Is 308818301 prime?
False
Is 524636837 composite?
False
Is 31758816763 a prime number?
False
Is 3702083689 prime?
True
Is 910292921 prime?
True
Is 6198559999 a prime number?
False
Is 13237272219 a prime number?
False
Is 367020487 prime?
True
Is 8351287799 a composite number?
False
Is 11971962763 composite?
True
Is 922949 a prime number?
False
Is 153572969269 prime?
False
Is 1425924719 prime?
True
Is 303932515 composite?
True
Is 1022803213 composite?
False
Is 12896611337 prime?
True
Is 12558071213 a prime number?
True
Is 4496823163 a prime number?
False
Is 10506728341 prime?
True
Is 23421783349 a composite number?
False
Is 258035863 composite?
True
Is 441935719 composite?
False
Is 9030241561 prime?
False
Is 5242855559 prime?
False
Is 28657284374 composite?
True
Is 1050394531 a composite number?
False
Is 362857819 a composite number?
False
Is 29228199509 a prime number?
False
Is 14929549027 a composite number?
False
Is 4986562991 prime?
True
Is 80386851689 prime?
False
Is 4588728149 a prime number?
True
Is 17889434333 composite?
False
Is 2975349119 a composite number?
False
Is 11872617551 composite?
False
Is 2845765987 a composite number?
False
I